{"id":973,"date":"2018-11-08T20:31:02","date_gmt":"2018-11-08T21:31:02","guid":{"rendered":"http:\/\/pracadoemigrante.cm-ribeiragrande.pt\/wp-content\/uploads\/2018\/11\/P1699794_lr.jpg"},"modified":"2020-06-12T20:40:03","modified_gmt":"2020-06-12T20:40:03","slug":"p1699794_lr","status":"inherit","type":"attachment","link":"https:\/\/pracadoemigrante.cm-ribeiragrande.pt\/gb\/index.php\/2018\/11\/06\/galeria-de-imagens\/p1699794_lr\/","title":{"rendered":"P1699794_lr"},"author":1,"featured_media":0,"comment_status":"closed","ping_status":"closed","template":"","meta":[],"class_list":["post-973","attachment","type-attachment","status-inherit","hentry"],"translation":{"provider":"WPGlobus","version":"3.0.2","language":"gb","enabled_languages":["pt","gb"],"languages":{"pt":{"title":true},"gb":{"title":false}}},"yoast_head":"<!-- This site is optimized with the Yoast SEO plugin v27.1.1 - https:\/\/yoast.com\/product\/yoast-seo-wordpress\/ -->\n<title>P1699794_lr - EMIGRANT SQUARE<\/title>\n<meta name=\"robots\" content=\"index, follow, max-snippet:-1, max-image-preview:large, max-video-preview:-1\" \/>\n<link rel=\"canonical\" href=\"https:\/\/pracadoemigrante.cm-ribeiragrande.pt\/wp-content\/uploads\/2018\/11\/P1699794_lr.jpg\" \/>\n<meta property=\"og:locale\" content=\"en_GB\" \/>\n<meta property=\"og:type\" content=\"article\" \/>\n<meta property=\"og:title\" content=\"P1699794_lr - EMIGRANT SQUARE\" \/>\n<meta property=\"og:url\" content=\"https:\/\/pracadoemigrante.cm-ribeiragrande.pt\/wp-content\/uploads\/2018\/11\/P1699794_lr.jpg\" \/>\n<meta property=\"og:site_name\" content=\"EMIGRANT SQUARE\" \/>\n<meta property=\"article:modified_time\" content=\"2020-06-12T20:40:03+00:00\" \/>\n<meta property=\"og:image\" content=\"https:\/\/pracadoemigrante.cm-ribeiragrande.pt\/wp-content\/uploads\/2018\/11\/P1699794_lr.jpg\" \/>\n\t<meta property=\"og:image:width\" content=\"650\" \/>\n\t<meta property=\"og:image:height\" content=\"433\" \/>\n\t<meta property=\"og:image:type\" content=\"image\/jpeg\" \/>\n<meta name=\"twitter:card\" content=\"summary_large_image\" \/>\n<script type=\"application\/ld+json\" class=\"yoast-schema-graph\">{\"@context\":\"https:\/\/schema.org\",\"@graph\":[{\"@type\":\"WebPage\",\"@id\":\"https:\/\/pracadoemigrante.cm-ribeiragrande.pt\/wp-content\/uploads\/2018\/11\/P1699794_lr.jpg\",\"url\":\"https:\/\/pracadoemigrante.cm-ribeiragrande.pt\/wp-content\/uploads\/2018\/11\/P1699794_lr.jpg\",\"name\":\"P1699794_lr - EMIGRANT SQUARE\",\"isPartOf\":{\"@id\":\"https:\/\/pracadoemigrante.cm-ribeiragrande.pt\/#website\"},\"datePublished\":\"2018-11-08T21:31:02+00:00\",\"dateModified\":\"2020-06-12T20:40:03+00:00\",\"breadcrumb\":{\"@id\":\"https:\/\/pracadoemigrante.cm-ribeiragrande.pt\/wp-content\/uploads\/2018\/11\/P1699794_lr.jpg#breadcrumb\"},\"inLanguage\":\"en-GB\",\"potentialAction\":[{\"@type\":\"ReadAction\",\"target\":[\"https:\/\/pracadoemigrante.cm-ribeiragrande.pt\/wp-content\/uploads\/2018\/11\/P1699794_lr.jpg\"]}]},{\"@type\":\"BreadcrumbList\",\"@id\":\"https:\/\/pracadoemigrante.cm-ribeiragrande.pt\/wp-content\/uploads\/2018\/11\/P1699794_lr.jpg#breadcrumb\",\"itemListElement\":[{\"@type\":\"ListItem\",\"position\":1,\"name\":\"In\u00edcio\",\"item\":\"https:\/\/pracadoemigrante.cm-ribeiragrande.pt\/\"},{\"@type\":\"ListItem\",\"position\":2,\"name\":\"GALERIA DE IMAGENS\",\"item\":\"https:\/\/pracadoemigrante.cm-ribeiragrande.pt\/index.php\/2018\/11\/06\/galeria-de-imagens\/\"},{\"@type\":\"ListItem\",\"position\":3,\"name\":\"P1699794_lr\"}]},{\"@type\":\"WebSite\",\"@id\":\"https:\/\/pracadoemigrante.cm-ribeiragrande.pt\/#website\",\"url\":\"https:\/\/pracadoemigrante.cm-ribeiragrande.pt\/\",\"name\":\"EMIGRANT SQUARE\",\"description\":\"Public Art Piece\",\"publisher\":{\"@id\":\"https:\/\/pracadoemigrante.cm-ribeiragrande.pt\/#organization\"},\"potentialAction\":[{\"@type\":\"SearchAction\",\"target\":{\"@type\":\"EntryPoint\",\"urlTemplate\":\"https:\/\/pracadoemigrante.cm-ribeiragrande.pt\/?s={search_term_string}\"},\"query-input\":{\"@type\":\"PropertyValueSpecification\",\"valueRequired\":true,\"valueName\":\"search_term_string\"}}],\"inLanguage\":\"en-GB\"},{\"@type\":\"Organization\",\"@id\":\"https:\/\/pracadoemigrante.cm-ribeiragrande.pt\/#organization\",\"name\":\"C\u00e2mara Municipal da Ribeira Grande\",\"url\":\"https:\/\/pracadoemigrante.cm-ribeiragrande.pt\/\",\"logo\":{\"@type\":\"ImageObject\",\"inLanguage\":\"en-GB\",\"@id\":\"https:\/\/pracadoemigrante.cm-ribeiragrande.pt\/#\/schema\/logo\/image\/\",\"url\":\"https:\/\/pracadoemigrante.cm-ribeiragrande.pt\/wp-content\/uploads\/2017\/05\/cropped-cropped-logo_cmrg_ae_wp_200.png\",\"contentUrl\":\"https:\/\/pracadoemigrante.cm-ribeiragrande.pt\/wp-content\/uploads\/2017\/05\/cropped-cropped-logo_cmrg_ae_wp_200.png\",\"width\":200,\"height\":69,\"caption\":\"C\u00e2mara Municipal da Ribeira Grande\"},\"image\":{\"@id\":\"https:\/\/pracadoemigrante.cm-ribeiragrande.pt\/#\/schema\/logo\/image\/\"}}]}<\/script>\n<!-- \/ Yoast SEO plugin. -->","yoast_head_json":{"title":"P1699794_lr - EMIGRANT SQUARE","robots":{"index":"index","follow":"follow","max-snippet":"max-snippet:-1","max-image-preview":"max-image-preview:large","max-video-preview":"max-video-preview:-1"},"canonical":"https:\/\/pracadoemigrante.cm-ribeiragrande.pt\/wp-content\/uploads\/2018\/11\/P1699794_lr.jpg","og_locale":"en_GB","og_type":"article","og_title":"P1699794_lr - EMIGRANT SQUARE","og_url":"https:\/\/pracadoemigrante.cm-ribeiragrande.pt\/wp-content\/uploads\/2018\/11\/P1699794_lr.jpg","og_site_name":"EMIGRANT SQUARE","article_modified_time":"2020-06-12T20:40:03+00:00","og_image":[{"width":650,"height":433,"url":"https:\/\/pracadoemigrante.cm-ribeiragrande.pt\/wp-content\/uploads\/2018\/11\/P1699794_lr.jpg","type":"image\/jpeg"}],"twitter_card":"summary_large_image","schema":{"@context":"https:\/\/schema.org","@graph":[{"@type":"WebPage","@id":"https:\/\/pracadoemigrante.cm-ribeiragrande.pt\/wp-content\/uploads\/2018\/11\/P1699794_lr.jpg","url":"https:\/\/pracadoemigrante.cm-ribeiragrande.pt\/wp-content\/uploads\/2018\/11\/P1699794_lr.jpg","name":"P1699794_lr - EMIGRANT SQUARE","isPartOf":{"@id":"https:\/\/pracadoemigrante.cm-ribeiragrande.pt\/#website"},"datePublished":"2018-11-08T21:31:02+00:00","dateModified":"2020-06-12T20:40:03+00:00","breadcrumb":{"@id":"https:\/\/pracadoemigrante.cm-ribeiragrande.pt\/wp-content\/uploads\/2018\/11\/P1699794_lr.jpg#breadcrumb"},"inLanguage":"en-GB","potentialAction":[{"@type":"ReadAction","target":["https:\/\/pracadoemigrante.cm-ribeiragrande.pt\/wp-content\/uploads\/2018\/11\/P1699794_lr.jpg"]}]},{"@type":"BreadcrumbList","@id":"https:\/\/pracadoemigrante.cm-ribeiragrande.pt\/wp-content\/uploads\/2018\/11\/P1699794_lr.jpg#breadcrumb","itemListElement":[{"@type":"ListItem","position":1,"name":"In\u00edcio","item":"https:\/\/pracadoemigrante.cm-ribeiragrande.pt\/"},{"@type":"ListItem","position":2,"name":"GALERIA DE IMAGENS","item":"https:\/\/pracadoemigrante.cm-ribeiragrande.pt\/index.php\/2018\/11\/06\/galeria-de-imagens\/"},{"@type":"ListItem","position":3,"name":"P1699794_lr"}]},{"@type":"WebSite","@id":"https:\/\/pracadoemigrante.cm-ribeiragrande.pt\/#website","url":"https:\/\/pracadoemigrante.cm-ribeiragrande.pt\/","name":"EMIGRANT SQUARE","description":"Public Art Piece","publisher":{"@id":"https:\/\/pracadoemigrante.cm-ribeiragrande.pt\/#organization"},"potentialAction":[{"@type":"SearchAction","target":{"@type":"EntryPoint","urlTemplate":"https:\/\/pracadoemigrante.cm-ribeiragrande.pt\/?s={search_term_string}"},"query-input":{"@type":"PropertyValueSpecification","valueRequired":true,"valueName":"search_term_string"}}],"inLanguage":"en-GB"},{"@type":"Organization","@id":"https:\/\/pracadoemigrante.cm-ribeiragrande.pt\/#organization","name":"C\u00e2mara Municipal da Ribeira Grande","url":"https:\/\/pracadoemigrante.cm-ribeiragrande.pt\/","logo":{"@type":"ImageObject","inLanguage":"en-GB","@id":"https:\/\/pracadoemigrante.cm-ribeiragrande.pt\/#\/schema\/logo\/image\/","url":"https:\/\/pracadoemigrante.cm-ribeiragrande.pt\/wp-content\/uploads\/2017\/05\/cropped-cropped-logo_cmrg_ae_wp_200.png","contentUrl":"https:\/\/pracadoemigrante.cm-ribeiragrande.pt\/wp-content\/uploads\/2017\/05\/cropped-cropped-logo_cmrg_ae_wp_200.png","width":200,"height":69,"caption":"C\u00e2mara Municipal da Ribeira Grande"},"image":{"@id":"https:\/\/pracadoemigrante.cm-ribeiragrande.pt\/#\/schema\/logo\/image\/"}}]}},"description":{"rendered":"<p class=\"attachment\"><a href='https:\/\/pracadoemigrante.cm-ribeiragrande.pt\/wp-content\/uploads\/2018\/11\/P1699794_lr.jpg'><img fetchpriority=\"high\" decoding=\"async\" width=\"300\" height=\"200\" src=\"https:\/\/pracadoemigrante.cm-ribeiragrande.pt\/wp-content\/uploads\/2018\/11\/P1699794_lr-300x200.jpg\" class=\"attachment-medium size-medium\" alt=\"\" srcset=\"https:\/\/pracadoemigrante.cm-ribeiragrande.pt\/wp-content\/uploads\/2018\/11\/P1699794_lr-300x200.jpg 300w, https:\/\/pracadoemigrante.cm-ribeiragrande.pt\/wp-content\/uploads\/2018\/11\/P1699794_lr.jpg 650w\" sizes=\"(max-width: 300px) 100vw, 300px\" \/><\/a><\/p>\n"},"caption":{"rendered":"<p>Lu\u00eds Silva, Liliana Lopes, Alexandre Gaud\u00eancio, Rog\u00e9rio Lopes e Martinho Botelho<\/p>\n"},"alt_text":"","media_type":"image","mime_type":"image\/jpeg","media_details":{"width":650,"height":433,"file":"2018\/11\/P1699794_lr.jpg","sizes":{"thumbnail":{"file":"P1699794_lr-150x150.jpg","width":150,"height":150,"mime_type":"image\/jpeg","source_url":"https:\/\/pracadoemigrante.cm-ribeiragrande.pt\/wp-content\/uploads\/2018\/11\/P1699794_lr-150x150.jpg"},"medium":{"file":"P1699794_lr-300x200.jpg","width":300,"height":200,"mime_type":"image\/jpeg","source_url":"https:\/\/pracadoemigrante.cm-ribeiragrande.pt\/wp-content\/uploads\/2018\/11\/P1699794_lr-300x200.jpg"},"post-thumbnail":{"file":"P1699794_lr-650x400.jpg","width":650,"height":400,"mime_type":"image\/jpeg","source_url":"https:\/\/pracadoemigrante.cm-ribeiragrande.pt\/wp-content\/uploads\/2018\/11\/P1699794_lr-650x400.jpg"},"kale-thumbnail":{"file":"P1699794_lr-650x400.jpg","width":650,"height":400,"mime_type":"image\/jpeg","source_url":"https:\/\/pracadoemigrante.cm-ribeiragrande.pt\/wp-content\/uploads\/2018\/11\/P1699794_lr-650x400.jpg"},"full":{"file":"P1699794_lr.jpg","width":650,"height":433,"mime_type":"image\/jpeg","source_url":"https:\/\/pracadoemigrante.cm-ribeiragrande.pt\/wp-content\/uploads\/2018\/11\/P1699794_lr.jpg"}},"image_meta":{"aperture":"0","credit":"","camera":"","caption":"","created_timestamp":"0","copyright":"","focal_length":"0","iso":"0","shutter_speed":"0","title":"","orientation":"1","keywords":[]}},"post":957,"source_url":"https:\/\/pracadoemigrante.cm-ribeiragrande.pt\/wp-content\/uploads\/2018\/11\/P1699794_lr.jpg","_links":{"self":[{"href":"https:\/\/pracadoemigrante.cm-ribeiragrande.pt\/gb\/index.php\/wp-json\/wp\/v2\/media\/973","targetHints":{"allow":["GET"]}}],"collection":[{"href":"https:\/\/pracadoemigrante.cm-ribeiragrande.pt\/gb\/index.php\/wp-json\/wp\/v2\/media"}],"about":[{"href":"https:\/\/pracadoemigrante.cm-ribeiragrande.pt\/gb\/index.php\/wp-json\/wp\/v2\/types\/attachment"}],"author":[{"embeddable":true,"href":"https:\/\/pracadoemigrante.cm-ribeiragrande.pt\/gb\/index.php\/wp-json\/wp\/v2\/users\/1"}],"wp:attached-to":[{"embeddable":true,"post_type":"post","id":957,"href":"https:\/\/pracadoemigrante.cm-ribeiragrande.pt\/gb\/index.php\/wp-json\/wp\/v2\/posts\/957"}],"curies":[{"name":"wp","href":"https:\/\/api.w.org\/{rel}","templated":true}]}}

<!-- This site is optimized with the Yoast SEO plugin v27.1.1 - https://yoast.com/product/yoast-seo-wordpress/ -->
<title>P1699794_lr - EMIGRANT SQUARE</title>
<meta name="robots" content="index, follow, max-snippet:-1, max-image-preview:large, max-video-preview:-1" />
<link rel="canonical" href="https://pracadoemigrante.cm-ribeiragrande.pt/wp-content/uploads/2018/11/P1699794_lr.jpg" />
<meta property="og:locale" content="en_GB" />
<meta property="og:type" content="article" />
<meta property="og:title" content="P1699794_lr - EMIGRANT SQUARE" />
<meta property="og:url" content="https://pracadoemigrante.cm-ribeiragrande.pt/wp-content/uploads/2018/11/P1699794_lr.jpg" />
<meta property="og:site_name" content="EMIGRANT SQUARE" />
<meta property="article:modified_time" content="2020-06-12T20:40:03+00:00" />
<meta property="og:image" content="https://pracadoemigrante.cm-ribeiragrande.pt/wp-content/uploads/2018/11/P1699794_lr.jpg" />
	<meta property="og:image:width" content="650" />
	<meta property="og:image:height" content="433" />
	<meta property="og:image:type" content="image/jpeg" />
<meta name="twitter:card" content="summary_large_image" />
<script type="application/ld+json" class="yoast-schema-graph">{"@context":"https://schema.org","@graph":[{"@type":"WebPage","@id":"https://pracadoemigrante.cm-ribeiragrande.pt/wp-content/uploads/2018/11/P1699794_lr.jpg","url":"https://pracadoemigrante.cm-ribeiragrande.pt/wp-content/uploads/2018/11/P1699794_lr.jpg","name":"P1699794_lr - EMIGRANT SQUARE","isPartOf":{"@id":"https://pracadoemigrante.cm-ribeiragrande.pt/#website"},"datePublished":"2018-11-08T21:31:02+00:00","dateModified":"2020-06-12T20:40:03+00:00","breadcrumb":{"@id":"https://pracadoemigrante.cm-ribeiragrande.pt/wp-content/uploads/2018/11/P1699794_lr.jpg#breadcrumb"},"inLanguage":"en-GB","potentialAction":[{"@type":"ReadAction","target":["https://pracadoemigrante.cm-ribeiragrande.pt/wp-content/uploads/2018/11/P1699794_lr.jpg"]}]},{"@type":"BreadcrumbList","@id":"https://pracadoemigrante.cm-ribeiragrande.pt/wp-content/uploads/2018/11/P1699794_lr.jpg#breadcrumb","itemListElement":[{"@type":"ListItem","position":1,"name":"Início","item":"https://pracadoemigrante.cm-ribeiragrande.pt/"},{"@type":"ListItem","position":2,"name":"GALERIA DE IMAGENS","item":"https://pracadoemigrante.cm-ribeiragrande.pt/index.php/2018/11/06/galeria-de-imagens/"},{"@type":"ListItem","position":3,"name":"P1699794_lr"}]},{"@type":"WebSite","@id":"https://pracadoemigrante.cm-ribeiragrande.pt/#website","url":"https://pracadoemigrante.cm-ribeiragrande.pt/","name":"EMIGRANT SQUARE","description":"Public Art Piece","publisher":{"@id":"https://pracadoemigrante.cm-ribeiragrande.pt/#organization"},"potentialAction":[{"@type":"SearchAction","target":{"@type":"EntryPoint","urlTemplate":"https://pracadoemigrante.cm-ribeiragrande.pt/?s={search_term_string}"},"query-input":{"@type":"PropertyValueSpecification","valueRequired":true,"valueName":"search_term_string"}}],"inLanguage":"en-GB"},{"@type":"Organization","@id":"https://pracadoemigrante.cm-ribeiragrande.pt/#organization","name":"Câmara Municipal da Ribeira Grande","url":"https://pracadoemigrante.cm-ribeiragrande.pt/","logo":{"@type":"ImageObject","inLanguage":"en-GB","@id":"https://pracadoemigrante.cm-ribeiragrande.pt/#/schema/logo/image/","url":"https://pracadoemigrante.cm-ribeiragrande.pt/wp-content/uploads/2017/05/cropped-cropped-logo_cmrg_ae_wp_200.png","contentUrl":"https://pracadoemigrante.cm-ribeiragrande.pt/wp-content/uploads/2017/05/cropped-cropped-logo_cmrg_ae_wp_200.png","width":200,"height":69,"caption":"Câmara Municipal da Ribeira Grande"},"image":{"@id":"https://pracadoemigrante.cm-ribeiragrande.pt/#/schema/logo/image/"}}]}</script>
<!-- / Yoast SEO plugin. -->

Início

Câmara Municipal da Ribeira Grande

<p>Luís Silva, Liliana Lopes, Alexandre Gaudêncio, Rogério Lopes e Martinho Botelho</p>
